{"id":308,"date":"2025-01-18T19:02:00","date_gmt":"2025-01-18T19:02:00","guid":{"rendered":"https:\/\/www.lazne-bitov.cz\/?page_id=308"},"modified":"2026-02-16T10:10:38","modified_gmt":"2026-02-16T10:10:38","slug":"rekondicni-pobyty","status":"publish","type":"page","link":"https:\/\/www.lazne-bitov.cz\/?page_id=308","title":{"rendered":"Rekondi\u010dn\u00ed pobyty"},"content":{"rendered":"\n<div class=\"wp-block-media-text is-stacked-on-mobile\" style=\"grid-template-columns:32% auto\"><figure class=\"wp-block-media-text__media\"><img loading=\"lazy\" decoding=\"async\" width=\"1024\" height=\"721\" src=\"http:\/\/www.lazne-bitov.cz\/wp-content\/uploads\/2025\/09\/cviceni1-1024x721.jpg\" alt=\"\" class=\"wp-image-394 size-full\" srcset=\"https:\/\/www.lazne-bitov.cz\/wp-content\/uploads\/2025\/09\/cviceni1-1024x721.jpg 1024w, https:\/\/www.lazne-bitov.cz\/wp-content\/uploads\/2025\/09\/cviceni1-300x211.jpg 300w, https:\/\/www.lazne-bitov.cz\/wp-content\/uploads\/2025\/09\/cviceni1-768x540.jpg 768w, https:\/\/www.lazne-bitov.cz\/wp-content\/uploads\/2025\/09\/cviceni1-1536x1081.jpg 1536w, https:\/\/www.lazne-bitov.cz\/wp-content\/uploads\/2025\/09\/cviceni1-2048x1441.jpg 2048w\" sizes=\"auto, (max-width: 1024px) 100vw, 1024px\" \/><\/figure><div class=\"wp-block-media-text__content\">\n<h4 class=\"wp-block-heading has-medium-font-size\">JARN\u00cd REKONDI\u010cN\u00cd POBYT<\/h4>\n\n\n\n<p>P\u0159ije\u010fte na\u010derpat tolik pot\u0159ebnou fyzickou i du\u0161evn\u00ed s\u00edlu po zimn\u00edm obdob\u00ed. U n\u00e1s to b\u011bhem p\u00e1r dn\u016f pod veden\u00edm zku\u0161en\u00e9ho fyzioterapeuta zvl\u00e1dne ka\u017ed\u00fd.<\/p>\n\n\n\n<p><strong>| 6 dn\u016f |<\/strong> 5 noc\u00ed | s plnou penz\u00ed | 11 procedur <strong>|  K\u010d 12.350,- |<\/strong><\/p>\n\n\n\n<h5>Nyn\u00ed dva term\u00edny se slevou K\u010d 1500,-.\u00a0 \u00a0 \u00a0Pouze K\u010d 10.850,-\/osobu.\u00a0 \u00a0\u00a0<\/h5>\n\n\n\n<div class=\"wp-block-buttons is-content-justification-right is-layout-flex wp-container-core-buttons-is-layout-765c4724 wp-block-buttons-is-layout-flex\">\n<div class=\"wp-block-button is-style-outline is-style-outline--1\"><a class=\"wp-block-button__link wp-element-button\" href=\"https:\/\/www.lazne-bitov.cz\/?page_id=387\">V\u00edce o nab\u00eddce<\/a><\/div>\n\n\n\n<div class=\"wp-block-button is-style-outline is-style-outline--2\"><a class=\"wp-block-button__link has-medium-font-size has-text-align-right has-custom-font-size wp-element-button\" href=\"https:\/\/www.lazne-bitov.cz\/?page_id=109\">Nez\u00e1vazn\u011b objednat<\/a><\/div>\n<\/div>\n<\/div><\/div>\n\n\n\n<hr class=\"wp-block-separator has-alpha-channel-opacity\"\/>\n\n\n\n<div class=\"wp-block-media-text is-stacked-on-mobile\" style=\"grid-template-columns:32% auto\"><figure class=\"wp-block-media-text__media\"><img loading=\"lazy\" decoding=\"async\" width=\"1024\" height=\"721\" src=\"https:\/\/www.lazne-bitov.cz\/wp-content\/uploads\/2025\/01\/rekondicni-tyden-1024x721.jpg\" alt=\"\" class=\"wp-image-353 size-full\" srcset=\"https:\/\/www.lazne-bitov.cz\/wp-content\/uploads\/2025\/01\/rekondicni-tyden-1024x721.jpg 1024w, https:\/\/www.lazne-bitov.cz\/wp-content\/uploads\/2025\/01\/rekondicni-tyden-300x211.jpg 300w, https:\/\/www.lazne-bitov.cz\/wp-content\/uploads\/2025\/01\/rekondicni-tyden-768x540.jpg 768w, https:\/\/www.lazne-bitov.cz\/wp-content\/uploads\/2025\/01\/rekondicni-tyden-1536x1081.jpg 1536w, https:\/\/www.lazne-bitov.cz\/wp-content\/uploads\/2025\/01\/rekondicni-tyden-2048x1441.jpg 2048w\" sizes=\"auto, (max-width: 1024px) 100vw, 1024px\" \/><\/figure><div class=\"wp-block-media-text__content\">\n<p><strong>L\u00c1ZE\u0147SK\u00dd T\u00ddDEN NA B\u00cdTOV\u011a<\/strong><\/p>\n\n\n\n<p>Rekondi\u010dn\u00ed pobyty\u00a0jsou c\u00edlen\u011b zam\u011b\u0159eny na kompenzaci negativn\u00edch vliv\u016f zp\u016fsoben\u00fdch v\u00fdkonem povol\u00e1n\u00ed, rehabilitaci a obnovu fyzick\u00e9 a du\u0161evn\u00ed kondice. B\u011bhem tohoto t\u00fddenn\u00edho pobytu na\u010derp\u00e1te nov\u00fd impuls a s\u00edlu.<\/p>\n\n\n\n<p><strong>| 8 dn\u016f |<\/strong> 7 noc\u00ed | s plnou penz\u00ed | 16 procedur <strong>|  K\u010d 18.630,- |<\/strong><\/p>\n\n\n\n<h5>Nyn\u00ed dva term\u00edny se slevou K\u010d 2000,-.\u00a0 \u00a0 \u00a0Pouze K\u010d 16.630,-\/osobu.<\/h5>\n<\/div><\/div>\n\n\n\n<div class=\"wp-block-buttons is-content-justification-right is-layout-flex wp-container-core-buttons-is-layout-765c4724 wp-block-buttons-is-layout-flex\">\n<div class=\"wp-block-button is-style-outline is-style-outline--3\"><a class=\"wp-block-button__link wp-element-button\" href=\"https:\/\/www.lazne-bitov.cz\/?page_id=377\">V\u00edce o nab\u00eddce<\/a><\/div>\n\n\n\n<div class=\"wp-block-button is-style-outline is-style-outline--4\"><a class=\"wp-block-button__link wp-element-button\" href=\"https:\/\/www.lazne-bitov.cz\/?page_id=109\">Nez\u00e1vazn\u011b objednat<\/a><\/div>\n<\/div>\n\n\n\n<hr class=\"wp-block-separator has-alpha-channel-opacity\"\/>\n\n\n\n<hr class=\"wp-block-separator has-alpha-channel-opacity\"\/>\n\n\n\n<div class=\"wp-block-media-text is-stacked-on-mobile\" style=\"grid-template-columns:32% auto\"><figure class=\"wp-block-media-text__media\"><img loading=\"lazy\" decoding=\"async\" width=\"1024\" height=\"721\" src=\"http:\/\/www.lazne-bitov.cz\/wp-content\/uploads\/2026\/02\/el-1024x721.jpg\" alt=\"\" class=\"wp-image-446 size-full\" srcset=\"https:\/\/www.lazne-bitov.cz\/wp-content\/uploads\/2026\/02\/el-1024x721.jpg 1024w, https:\/\/www.lazne-bitov.cz\/wp-content\/uploads\/2026\/02\/el-300x211.jpg 300w, https:\/\/www.lazne-bitov.cz\/wp-content\/uploads\/2026\/02\/el-768x540.jpg 768w, https:\/\/www.lazne-bitov.cz\/wp-content\/uploads\/2026\/02\/el-1536x1081.jpg 1536w, https:\/\/www.lazne-bitov.cz\/wp-content\/uploads\/2026\/02\/el-2048x1441.jpg 2048w\" sizes=\"auto, (max-width: 1024px) 100vw, 1024px\" \/><\/figure><div class=\"wp-block-media-text__content\">\n<p><strong>INTENZIVN\u00cd FYZIOTERAPEUTICK\u00dd POBYT<\/strong><\/p>\n\n\n\n<p><br>Naj\u00edt voln\u00fd term\u00edn u fyzioterapeuta b\u00fdv\u00e1 o\u0159\u00ed\u0161ek. U n\u00e1s na term\u00edn \u010dekat nemus\u00edte \u2013 n\u00e1\u0161 t\u00fdm odborn\u00edk\u016f je p\u0159ipraven se v\u00e1m v\u011bnovat okam\u017eit\u011b.<\/p>\n\n\n\n<p><strong>| 5 dn\u016f |<\/strong> 4 noci | s polopenz\u00ed | 7 procedur<strong>| K\u010d 7.950,-\/os. |<\/strong><\/p>\n<\/div><\/div>\n\n\n\n<div class=\"wp-block-buttons is-content-justification-right is-layout-flex wp-container-core-buttons-is-layout-765c4724 wp-block-buttons-is-layout-flex\">\n<div class=\"wp-block-button is-style-outline is-style-outline--5\"><a class=\"wp-block-button__link has-black-color has-white-background-color has-text-color has-background has-link-color wp-element-button\" href=\"https:\/\/www.lazne-bitov.cz\/?page_id=450\">V\u00edce o nab\u00eddce<\/a><\/div>\n\n\n\n<div class=\"wp-block-button is-style-outline is-style-outline--6\"><a class=\"wp-block-button__link has-black-color has-white-background-color has-text-color has-background has-link-color wp-element-button\" href=\"https:\/\/www.lazne-bitov.cz\/?page_id=109\">Nez\u00e1vazn\u011b objednat<\/a><\/div>\n<\/div>\n\n\n\n<hr class=\"wp-block-separator has-alpha-channel-opacity\"\/>\n\n\n\n<div class=\"wp-block-media-text is-stacked-on-mobile\" style=\"grid-template-columns:32% auto\"><figure class=\"wp-block-media-text__media\"><img loading=\"lazy\" decoding=\"async\" width=\"1024\" height=\"721\" src=\"https:\/\/www.lazne-bitov.cz\/wp-content\/uploads\/2025\/01\/relax-firmy-1024x721.png\" alt=\"\" class=\"wp-image-355 size-full\" srcset=\"https:\/\/www.lazne-bitov.cz\/wp-content\/uploads\/2025\/01\/relax-firmy-1024x721.png 1024w, https:\/\/www.lazne-bitov.cz\/wp-content\/uploads\/2025\/01\/relax-firmy-300x211.png 300w, https:\/\/www.lazne-bitov.cz\/wp-content\/uploads\/2025\/01\/relax-firmy-768x540.png 768w, https:\/\/www.lazne-bitov.cz\/wp-content\/uploads\/2025\/01\/relax-firmy-1536x1081.png 1536w, https:\/\/www.lazne-bitov.cz\/wp-content\/uploads\/2025\/01\/relax-firmy-2048x1441.png 2048w\" sizes=\"auto, (max-width: 1024px) 100vw, 1024px\" \/><\/figure><div class=\"wp-block-media-text__content\">\n<p><strong>REKONDI\u010cN\u00cd POBYTY PRO FIRMY<\/strong><\/p>\n\n\n\n<p>Dop\u0159ejte sv\u00fdm zam\u011bstnanc\u016fm&nbsp;regeneraci a prevenci zdrav\u00ed&nbsp;pobytem v na\u0161em za\u0159\u00edzen\u00ed. V pobytu se kombinuj\u00ed l\u00e1ze\u0148sk\u00e9 procedury s vyu\u017eit\u00edm relaxa\u010dn\u00edch a balneologick\u00fdch procedur, zdrav\u00e9 stravy a pohybov\u00fdch aktivit. Na popt\u00e1vku individu\u00e1l\u011b vypracujeme kalkulaci.<\/p>\n\n\n\n<p><strong>| od 3 dn\u016f |<\/strong> 2 noc\u00ed | s polopenz\u00ed nebo plnou penz\u00ed <strong>| od K\u010d 3.980,-\/os |<\/strong><\/p>\n<\/div><\/div>\n\n\n\n<hr class=\"wp-block-separator has-alpha-channel-opacity\"\/>\n","protected":false},"excerpt":{"rendered":"<p>L\u00c1ZE\u0147SK\u00dd T\u00ddDEN NA B\u00cdTOV\u011a Rekondi\u010dn\u00ed pobyty\u00a0jsou c\u00edlen\u011b zam\u011b\u0159eny na kompenzaci negativn\u00edch vliv\u016f zp\u016fsoben\u00fdch v\u00fdkonem povol\u00e1n\u00ed, rehabilitaci a obnovu fyzick\u00e9 a du\u0161evn\u00ed kondice. B\u011bhem tohoto t\u00fddenn\u00edho pobytu na\u010derp\u00e1te nov\u00fd impuls a s\u00edlu. | 8 dn\u016f | 7 noc\u00ed | s plnou penz\u00ed | 16 procedur | K\u010d 18.630,- | Nyn\u00ed dva term\u00edny se slevou K\u010d 2000,-.\u00a0 \u00a0 \u00a0Pouze K\u010d 16.630,-\/osobu. INTENZIVN\u00cd FYZIOTERAPEUTICK\u00dd POBYT Naj\u00edt voln\u00fd term\u00edn u fyzioterapeuta b\u00fdv\u00e1 o\u0159\u00ed\u0161ek. U n\u00e1s na term\u00edn \u010dekat nemus\u00edte \u2013 n\u00e1\u0161 t\u00fdm odborn\u00edk\u016f je p\u0159ipraven se v\u00e1m v\u011bnovat okam\u017eit\u011b. | 5 dn\u016f | 4 noci | s polopenz\u00ed | 7 procedur| K\u010d 7.950,-\/os. | &hellip; <\/p>\n","protected":false},"author":1,"featured_media":0,"parent":0,"menu_order":0,"comment_status":"closed","ping_status":"closed","template":"","meta":{"footnotes":""},"class_list":["post-308","page","type-page","status-publish","hentry"],"_links":{"self":[{"href":"https:\/\/www.lazne-bitov.cz\/index.php?rest_route=\/wp\/v2\/pages\/308","targetHints":{"allow":["GET"]}}],"collection":[{"href":"https:\/\/www.lazne-bitov.cz\/index.php?rest_route=\/wp\/v2\/pages"}],"about":[{"href":"https:\/\/www.lazne-bitov.cz\/index.php?rest_route=\/wp\/v2\/types\/page"}],"author":[{"embeddable":true,"href":"https:\/\/www.lazne-bitov.cz\/index.php?rest_route=\/wp\/v2\/users\/1"}],"replies":[{"embeddable":true,"href":"https:\/\/www.lazne-bitov.cz\/index.php?rest_route=%2Fwp%2Fv2%2Fcomments&post=308"}],"version-history":[{"count":0,"href":"https:\/\/www.lazne-bitov.cz\/index.php?rest_route=\/wp\/v2\/pages\/308\/revisions"}],"wp:attachment":[{"href":"https:\/\/www.lazne-bitov.cz\/index.php?rest_route=%2Fwp%2Fv2%2Fmedia&parent=308"}],"curies":[{"name":"wp","href":"https:\/\/api.w.org\/{rel}","templated":true}]}}