{"id":402,"date":"2025-09-12T15:52:13","date_gmt":"2025-09-12T15:52:13","guid":{"rendered":"https:\/\/www.lazne-bitov.cz\/?page_id=402"},"modified":"2026-04-19T10:52:48","modified_gmt":"2026-04-19T10:52:48","slug":"vikendovy-relax","status":"publish","type":"page","link":"https:\/\/www.lazne-bitov.cz\/?page_id=402","title":{"rendered":"V\u00edkendov\u00fd relax"},"content":{"rendered":"\n<div class=\"wp-block-cover is-light\" style=\"min-height:109px;aspect-ratio:unset;\"><span aria-hidden=\"true\" class=\"wp-block-cover__background has-vivid-green-cyan-background-color has-background-dim-100 has-background-dim\"><\/span><div class=\"wp-block-cover__inner-container is-layout-constrained wp-block-cover-is-layout-constrained\">\n<p class=\"has-text-align-center has-medium-font-size\">3 dny \/ 2 noci \/ s plnou penz\u00ed \/ 2 procedury \/ <strong>K\u010d 4.630,- za osobu<\/strong><\/p>\n\n\n\n<div class=\"wp-block-columns is-layout-flex wp-container-core-columns-is-layout-9d6595d7 wp-block-columns-is-layout-flex\">\n<div class=\"wp-block-column is-layout-flow wp-block-column-is-layout-flow\" style=\"flex-basis:100%\">\n<p class=\"has-text-align-center\"><strong>Na term\u00edny 1.-3.5. a 8.-10.5. nyn\u00ed sleva 15%<\/strong> , tedy pouze K\u010d 3.880 ,- za osobu.<\/p>\n\n\n\n<p class=\"has-text-align-center\"><strong>Objednejte co nejd\u0159\u00edve, ne\u017e budou term\u00edny obsazen\u00e9. Tato akce plat\u00ed jen do konce dubna.<\/strong><\/p>\n<\/div>\n<\/div>\n\n\n\n<h1 class=\"wp-block-heading has-text-align-center has-vivid-red-color has-text-color has-link-color wp-elements-651538ea9abf3c805aa37c65c0b23f36\"><strong>DO KONCE AKCE ZB\u00ddV\u00c1:<\/strong><\/h1>\n<\/div><\/div>\n\n\n<h1 style=\"text-align: center;\"><img decoding=\"async\" src=\"https:\/\/gifcdn.com\/32d1g68p3cb9l6so30c1o.gif\" alt=\"mailtimers.com\" \/><\/h1>\n\n\n<div class=\"wp-block-media-text is-stacked-on-mobile\"><figure class=\"wp-block-media-text__media\"><img loading=\"lazy\" decoding=\"async\" width=\"377\" height=\"368\" src=\"http:\/\/www.lazne-bitov.cz\/wp-content\/uploads\/2025\/09\/relax1-1.jpg\" alt=\"\" class=\"wp-image-414 size-full\" srcset=\"https:\/\/www.lazne-bitov.cz\/wp-content\/uploads\/2025\/09\/relax1-1.jpg 377w, https:\/\/www.lazne-bitov.cz\/wp-content\/uploads\/2025\/09\/relax1-1-300x293.jpg 300w\" sizes=\"auto, (max-width: 377px) 100vw, 377px\" \/><\/figure><div class=\"wp-block-media-text__content\">\n<h3 class=\"wp-block-heading has-black-color has-light-green-cyan-background-color has-text-color has-background has-link-color wp-elements-d04b40d2a3afc639d559d0664a7c1a60\" style=\"font-size:15px\">Bal\u00ed\u010dek zahrnuje na osobu:<\/h3>\n\n\n\n<p class=\"has-black-color has-light-green-cyan-background-color has-text-color has-background has-link-color wp-elements-fab26cb459bd5fb02fd03cacf751df43\">* 2 noci ve dvoul\u016f\u017ekov\u00e9m pokoji<br>* 2 x sn\u00eddan\u011b formou bufetu<br>* 1 x serv\u00edrovan\u00fd ob\u011bd<br>* 2 x serv\u00edrovan\u00e1 ve\u010de\u0159e<br>* 2 procedury<br>* rekondi\u010dn\u00ed proch\u00e1zka na hrad<br>* prohl\u00eddka hradu B\u00edtov<\/p>\n\n\n\n<p>Term\u00edny : v\u00edkendy  ( od p\u00e1tku do ned\u011ble )<\/p>\n<\/div><\/div>\n\n\n\n<p>N\u00e1stupn\u00edm dnem je p\u00e1tek, pobyt za\u010d\u00edn\u00e1 ve\u010de\u0159\u00ed a kon\u010d\u00ed ned\u011bln\u00ed sn\u00eddan\u00ed. Sn\u00eddan\u011b (7:30 &#8211; 9:30) jsou formou bufetu, ob\u011bdy (12:00 &#8211; 14:00) jsou serv\u00edrovan\u00e9, v\u017edy v\u00fdb\u011br ze dvou j\u00eddel, stejn\u011b tak ve\u010de\u0159e pod\u00e1van\u00e9 v \u010dase 18:00 &#8211; 20:00. K ve\u010de\u0159i v \u010dase 18:00 &#8211; 20:00 jsou k dispozici vybran\u00e1 v\u00edna a pivo all inclusive. Tato nab\u00eddka obsahuje jednu hydroterapeutickou a jednu termoterapeutickou proceduru. P\u0159i sobotn\u00ed rekondi\u010dn\u00ed proch\u00e1zce s fyzioterapeutem nav\u0161t\u00edv\u00edte hrad B\u00edtov. Prohl\u00eddka hradn\u00edho pal\u00e1ce je zahrnuta v pobytu, tak\u017ee \u017e\u00e1dn\u00e9 vstupn\u00e9 ji\u017e neplat\u00edte. Uveden\u00e1 cena za bal\u00ed\u010dek slu\u017eeb je ji\u017e kone\u010dn\u00e1, zahrnuje tedy v\u0161echny dan\u011b a m\u00edstn\u00ed poplatky.<\/p>\n\n\n\n<div class=\"wp-block-buttons is-layout-flex wp-block-buttons-is-layout-flex\">\n<div class=\"wp-block-button has-custom-width wp-block-button__width-100\"><a class=\"wp-block-button__link has-black-color has-light-green-cyan-background-color has-text-color has-background has-link-color wp-element-button\" href=\"http:\/\/lazne-bitov.cz\/?page_id=109\">Nez\u00e1vazn\u011b objednat<\/a><\/div>\n<\/div>\n\n\n\n<p><\/p>\n","protected":false},"excerpt":{"rendered":"<p>Bal\u00ed\u010dek zahrnuje na osobu: * 2 noci ve dvoul\u016f\u017ekov\u00e9m pokoji* 2 x sn\u00eddan\u011b formou bufetu* 1 x serv\u00edrovan\u00fd ob\u011bd* 2 x serv\u00edrovan\u00e1 ve\u010de\u0159e* 2 procedury* rekondi\u010dn\u00ed proch\u00e1zka na hrad* prohl\u00eddka hradu B\u00edtov Term\u00edny : v\u00edkendy ( od p\u00e1tku do ned\u011ble ) N\u00e1stupn\u00edm dnem je p\u00e1tek, pobyt za\u010d\u00edn\u00e1 ve\u010de\u0159\u00ed a kon\u010d\u00ed ned\u011bln\u00ed sn\u00eddan\u00ed. Sn\u00eddan\u011b (7:30 &#8211; 9:30) jsou formou bufetu, ob\u011bdy (12:00 &#8211; 14:00) jsou serv\u00edrovan\u00e9, v\u017edy v\u00fdb\u011br ze dvou j\u00eddel, stejn\u011b tak ve\u010de\u0159e pod\u00e1van\u00e9 v \u010dase 18:00 &#8211; 20:00. K ve\u010de\u0159i v \u010dase 18:00 &#8211; 20:00 jsou k dispozici vybran\u00e1 v\u00edna a pivo all inclusive. Tato nab\u00eddka obsahuje jednu hydroterapeutickou &hellip; <\/p>\n","protected":false},"author":1,"featured_media":0,"parent":0,"menu_order":0,"comment_status":"closed","ping_status":"closed","template":"","meta":{"footnotes":""},"class_list":["post-402","page","type-page","status-publish","hentry"],"_links":{"self":[{"href":"https:\/\/www.lazne-bitov.cz\/index.php?rest_route=\/wp\/v2\/pages\/402","targetHints":{"allow":["GET"]}}],"collection":[{"href":"https:\/\/www.lazne-bitov.cz\/index.php?rest_route=\/wp\/v2\/pages"}],"about":[{"href":"https:\/\/www.lazne-bitov.cz\/index.php?rest_route=\/wp\/v2\/types\/page"}],"author":[{"embeddable":true,"href":"https:\/\/www.lazne-bitov.cz\/index.php?rest_route=\/wp\/v2\/users\/1"}],"replies":[{"embeddable":true,"href":"https:\/\/www.lazne-bitov.cz\/index.php?rest_route=%2Fwp%2Fv2%2Fcomments&post=402"}],"version-history":[{"count":0,"href":"https:\/\/www.lazne-bitov.cz\/index.php?rest_route=\/wp\/v2\/pages\/402\/revisions"}],"wp:attachment":[{"href":"https:\/\/www.lazne-bitov.cz\/index.php?rest_route=%2Fwp%2Fv2%2Fmedia&parent=402"}],"curies":[{"name":"wp","href":"https:\/\/api.w.org\/{rel}","templated":true}]}}